factor of 154 and 66.
22
What is the greatest common factor of 38 and 8721?
19
What is the highest common factor of 14 and 2086?
14
What is the highest common divisor of 1320 and 561?
33
What is the highest common divisor of 58 and 6?
2
What is the highest common divisor of 133 and 875?
7
What is the highest common divisor of 168 and 536?
8
Calculate the greatest common divisor of 7 and 7343.
7
Calculate the greatest common factor of 102 and 1394.
34
Calculate the highest common factor of 5467 and 77.
77
Calculate the highest common divisor of 1414 and 202.
202
What is the highest common divisor of 8 and 198?
2
What is the greatest common factor of 3 and 16?
1
What is the greatest common divisor of 117 and 5668?
13
Calculate the highest common factor of 37 and 25.
1
What is the greatest common factor of 212 and 159?
53
What is the highest common divisor of 333 and 74?
37
Calculate the highest common divisor of 46 and 4.
2
Calculate the highest common divisor of 374 and 34.
34
Calculate the greatest common divisor of 1007 and 399.
19
Calculate the greatest common factor of 36 and 4770.
18
What is the greatest common divisor of 699 and 3?
3
What is the greatest common divisor of 77 and 1837?
11
What is the greatest common divisor of 136 and 88?
8
Calculate the highest common factor of 30 and 1215.
15
Calculate the highest common factor of 48 and 22.
2
What is the greatest common divisor of 720 and 36?
36
What is the highest common divisor of 79 and 65017?
79
Calculate the greatest common factor of 40 and 40.
40
What is the greatest common factor of 9 and 135?
9
What is the highest common divisor of 692 and 3979?
173
What is the highest common factor of 117 and 312?
39
Calculate the greatest common factor of 79 and 1501.
79
Calculate the greatest common divisor of 750 and 30.
30
What is the greatest common factor of 485 and 776?
97
What is the highest common divisor of 10 and 470?
10
What is the greatest common divisor of 848 and 14628?
212
Calculate the greatest common divisor of 185 and 5.
5
Calculate the greatest common divisor of 6 and 6558.
6
What is the highest common factor of 24 and 8?
8
What is the greatest common divisor of 1148 and 3731?
287
Calculate the highest common divisor of 42 and 56.
14
Calculate the highest common factor of 517 and 88.
11
What is the greatest common factor of 45 and 69075?
45
Calculate the highest common factor of 13 and 2249.
13
Calculate the highest common factor of 15 and 6.
3
Calculate the greatest common factor of 7060 and 8.
4
What is the highest common divisor of 105 and 25?
5
Calculate the greatest common factor of 1000 and 300.
100
What is the highest common divisor of 22 and 2673?
11
Calculate the greatest common divisor of 15 and 1175.
5
What is the greatest common factor of 272 and 34?
34
What is the highest common divisor of 290 and 2755?
145
Calculate the highest common divisor of 931 and 152.
19
Calculate the greatest common divisor of 19 and 779.
19
Calculate the greatest common factor of 38 and 247.
19
What is the greatest common divisor of 6678 and 126?
126
Calculate the greatest common divisor of 440 and 40.
40
What is the greatest common factor of 38 and 342?
38
What is the greatest common divisor of 33693 and 33?
33
Calculate the greatest common divisor of 15 and 867.
3
What is the highest common divisor of 1573 and 13?
13
What is the greatest common factor of 188 and 16?
4
What is the highest common divisor of 16769 and 123?
41
What is the highest common divisor of 77 and 11?
11
What is the greatest common divisor of 168 and 24?
24
Calculate the highest common factor of 340 and 310.
10
What is the highest common divisor of 38 and 6574?
38
Calculate the highest common factor of 1311 and 1140.
57
What is the greatest common divisor of 182 and 3913?
91
Calculate the highest common divisor of 64 and 4224.
64
Calculate the highest common factor of 28 and 238.
14
Calculate the highest common factor of 9 and 441.
9
What is the greatest common divisor of 2912 and 7168?
224
What is the greatest common divisor of 192 and 60?
12
Calculate the highest common factor of 316 and 8690.
158
What is the greatest common factor of 4 and 31856?
4
Calculate the highest common factor of 42 and 70.
14
What is the highest common factor of 2425 and 25?
25
Calculate the highest common divisor of 68 and 102.
34
What is the highest common factor of 95 and 171?
19
What is the greatest common divisor of 63 and 147?
21
Calculate the highest common divisor of 63 and 675.
9
What is the greatest common divisor of 292 and 80?
4
Calculate the greatest common divisor of 1480 and 680.
40
What is the greatest common factor of 2829 and 276?
69
Calculate the highest common factor of 5845 and 175.
35
Calculate the highest common factor of 14420 and 56.
28
Calculate the greatest common factor of 9 and 441.
9
Calculate the highest common divisor of 144 and 752.
16
Calculate the highest common factor of 104 and 221.
13
Calculate the highest common factor of 100050 and 69.
69
What is the greatest common divisor of 23 and 16?
1
Calculate the greatest common divisor of 378 and 738.
18
Calculate the greatest common factor of 10 and 62.
2
What is the greatest common factor of 65 and 490?
5
What is the greatest common divisor of 76 and 3553?
19
Calculate the greatest common factor of 13865 and 94.
47
Calculate the greatest common divisor of 1336 and 40.
8
What is the highest common factor of 22 and 14?
2
What is the highest common divisor of 7 and 10031?
7
Calculate the highest common divisor of 16 and 848.
16
What is the highest common divisor of 372 and 12?
12
What is the highest common factor of 45 and 81?
9
What is the highest common factor of 533 and 26?
13
What is the highest common divisor of 632 and 32?
8
What is the highest common factor of 230 and 20?
10
Calculate the greatest common divisor of 675 and 27.
27
What is the highest common divisor of 2318 and 3172?
122
What is the greatest common divisor of 3060 and 2700?
180
What is the greatest common divisor of 324 and 7938?
162
Calculate the greatest common factor of 420 and 1316.
28
Calculate the highest common divisor of 32 and 3056.
16
What is the greatest common factor of 63 and 711?
9
What is the greatest common divisor of 7203 and 1911?
147
What is the greatest common divisor of 10668 and 84?
84
Calculate the greatest common factor of 402 and 670.
134
Calculate the highest common divisor of 336 and 287.
7
Calculate the highest common factor of 10 and 4.
2
Calculate the highest common divisor of 19034 and 186.
62
What is the highest common factor of 32 and 216?
8
Calculate the greatest common divisor of 833 and 357.
119
Calculate the greatest common divisor of 46 and 2.
2
What is the highest common divisor of 112 and 6?
2
What is the greatest common divisor of 364 and 28?
28
What is the highest common divisor of 448 and 56?
56
What is the greatest common factor of 127 and 30607?
127
Calculate the highest common factor of 7170 and 30.
30
What is the highest common factor of 32 and 13792?
32
Calculate the highest common divisor of 1140 and 240.
60
Calculate the highest common factor of 455 and 35.
35
What is the highest common factor of 9 and 3501?
9
What is the highest common factor of 71 and 11076?
71
Calculate the highest common divisor of 8800 and 96.
32
Calculate the highest common factor of 35322 and 42.
42
What is the greatest common factor of 21 and 309?
3
What is the greatest common divisor of 588 and 532?
28
Calculate the greatest common factor of 154 and 231.
77
Calculate the highest common factor of 33 and 381.
3
Calculate the highest common factor of 551 and 152.
19
Calculate the greatest common factor of 31 and 31.
31
Calculate the greatest common divisor of 14 and 16.
2
What is the greatest common factor of 546 and 210?
42
What is the highest common factor of 12 and 356?
4
What is the highest common divisor of 30 and 50?
10
What is the highest common divisor of 5917 and 194?
97
What is the highest common factor of 3800 and 285?
95
What is the greatest common divisor of 903 and 203?
7
What is the highest common factor of 1008 and 80?
16
What is the greatest common factor of 4238 and 26?
26
Calculate the highest common divisor of 245 and 5.
5
Calculate the gr